ghest common divisor of 264511 and 13.
13
What is the highest common factor of 471970 and 26705?
545
What is the highest common divisor of 8661872 and 38?
38
What is the greatest common factor of 54 and 3208176?
18
Calculate the highest common factor of 14945 and 2623.
61
What is the highest common factor of 5 and 15835?
5
Calculate the highest common factor of 1960 and 6125.
245
What is the highest common divisor of 3415 and 1905?
5
What is the greatest common factor of 1491 and 2614717?
497
What is the highest common divisor of 4815 and 65377?
107
What is the greatest common divisor of 9305 and 15?
5
What is the greatest common factor of 4 and 71044?
4
What is the highest common factor of 681096 and 156?
156
What is the greatest common divisor of 572 and 5122?
26
Calculate the highest common factor of 5850 and 2400.
150
Calculate the highest common divisor of 4134 and 20458.
106
What is the greatest common divisor of 432 and 5769252?
108
What is the greatest common divisor of 1454298 and 1254?
114
What is the greatest common factor of 444748 and 8?
4
Calculate the highest common factor of 129729 and 249.
249
What is the highest common factor of 8307 and 117221?
923
Calculate the greatest common factor of 1184 and 61024.
32
What is the highest common factor of 19451 and 53?
53
What is the highest common divisor of 7248 and 2343822?
906
Calculate the highest common divisor of 393338 and 2823.
941
What is the highest common divisor of 140 and 5290?
10
Calculate the highest common factor of 98 and 97118.
98
What is the greatest common divisor of 23141 and 876?
73
What is the greatest common factor of 62 and 242730?
62
Calculate the greatest common divisor of 6756178 and 104.
26
What is the highest common divisor of 985140 and 585?
585
What is the highest common divisor of 3515809 and 946?
473
What is the greatest common factor of 19602 and 18634?
242
Calculate the greatest common divisor of 30250 and 9000.
250
Calculate the greatest common factor of 29904 and 108.
12
Calculate the highest common divisor of 24531 and 370.
37
Calculate the highest common divisor of 28935 and 1845.
45
Calculate the highest common factor of 11011020 and 2370.
2370
What is the highest common factor of 78900 and 90?
30
Calculate the greatest common factor of 198 and 161634.
66
What is the highest common factor of 389132 and 4?
4
Calculate the greatest common divisor of 267 and 569422.
89
Calculate the greatest common divisor of 1206 and 1023291.
603
What is the highest common factor of 23675 and 15?
5
Calculate the highest common divisor of 12358 and 49766.
334
Calculate the greatest common factor of 22838 and 456.
38
What is the greatest common factor of 346554 and 52?
26
Calculate the highest common divisor of 46 and 130778.
46
Calculate the highest common factor of 58584 and 12.
12
What is the greatest common factor of 2534 and 900837?
1267
What is the greatest common divisor of 70702 and 138?
46
What is the highest common divisor of 212 and 549292?
212
Calculate the greatest common divisor of 213 and 326103.
213
What is the greatest common divisor of 2686 and 83582?
158
Calculate the greatest common divisor of 5104363 and 11.
11
What is the highest common divisor of 237 and 417?
3
What is the greatest common divisor of 588 and 66591?
147
Calculate the greatest common factor of 10475 and 300.
25
What is the greatest common divisor of 7136 and 1?
1
What is the highest common divisor of 15714 and 13122?
162
What is the highest common factor of 1235 and 29679?
13
Calculate the greatest common factor of 5712 and 74001.
51
What is the highest common divisor of 222400 and 1668?
556
Calculate the highest common divisor of 24589 and 29727.
367
What is the highest common divisor of 4094517 and 63?
21
Calculate the highest common divisor of 2650 and 18974.
106
Calculate the greatest common divisor of 408 and 17408.
136
Calculate the greatest common divisor of 186 and 26246088.
186
What is the greatest common divisor of 75887 and 259?
259
What is the greatest common divisor of 307160 and 7000?
280
Calculate the greatest common divisor of 157942 and 8478.
314
What is the greatest common factor of 204526 and 98?
98
What is the greatest common divisor of 336004 and 1503?
167
What is the highest common divisor of 689195 and 2990?
1495
What is the greatest common divisor of 21879 and 5661?
153
Calculate the greatest common factor of 1853 and 17969.
17
What is the greatest common divisor of 12881 and 3069?
11
Calculate the highest common factor of 14749600 and 1432.
1432
What is the highest common factor of 28 and 679?
7
What is the highest common factor of 91789 and 19?
19
Calculate the greatest common factor of 13 and 396.
1
What is the highest common divisor of 342916 and 15540?
1036
What is the highest common factor of 261 and 573?
3
What is the greatest common divisor of 198 and 2466?
18
Calculate the highest common factor of 549 and 287493.
183
What is the greatest common divisor of 812 and 1708?
28
Calculate the highest common divisor of 243 and 486.
243
What is the greatest common factor of 1804467 and 203?
203
Calculate the highest common divisor of 9 and 910971.
9
Calculate the highest common divisor of 398240 and 760.
760
What is the highest common divisor of 67155 and 1573?
121
Calculate the greatest common factor of 261270 and 9.
9
What is the highest common divisor of 200 and 37540?
20
What is the greatest common divisor of 51 and 4913?
17
What is the highest common factor of 8772 and 16524?
204
Calculate the greatest common divisor of 32899 and 591.
197
Calculate the highest common divisor of 605 and 1465.
5
Calculate the highest common divisor of 6156 and 171936.
108
Calculate the greatest common divisor of 2236 and 344.
172
Calculate the highest common factor of 54625 and 75.
25
Calculate the highest common divisor of 892289 and 103.
103
Calculate the greatest common factor of 331404 and 24.
12
Calculate the highest common factor of 470 and 310.
10
Calculate the highest common factor of 767675 and 325.
25
What is the greatest common factor of 1232 and 54320?
112
Calculate the highest common divisor of 581 and 6069.
7
What is the greatest common divisor of 8 and 194924?
4
Calculate the highest common factor of 45595 and 1595.
55
What is the greatest common divisor of 9141 and 594?
33
What is the highest common divisor of 884 and 535874?
34
What is the highest common divisor of 77 and 258797?
77
Calculate the greatest common divisor of 12999 and 1092.
21
Calculate the greatest common factor of 4743 and 1411.
17
Calculate the greatest common factor of 9 and 2121.
3
What is the highest common divisor of 192 and 14253?
3
Calculate the greatest common divisor of 9750 and 4134.
78
What is the greatest common factor of 30520 and 1624?
56
What is the greatest common factor of 83 and 2045618?
83
What is the highest common divisor of 530 and 141775?
265
Calculate the highest common divisor of 2725 and 225175.
25
Calculate the greatest common divisor of 3002 and 1738.
158
Calculate the greatest common factor of 91 and 887653.
13
What is the greatest common factor of 4352 and 11458?
34
Calculate the greatest common divisor of 2268000 and 650.
50
Calculate the highest common factor of 186660 and 1224.
612
Calculate the highest common divisor of 3846241 and 7.
7
Calculate the highest common divisor of 2814 and 29346.
402
Calculate the highest common divisor of 334272 and 192.
192
What is the greatest common factor of 90190 and 8700?
290
Calculate the highest common factor of 9966 and 4.
2
What is the highest common divisor of 19855 and 11191?
361
What is the greatest common factor of 5149 and 133?
19
Calculate the greatest common divisor of 98563 and 1.
1
What is the highest common factor of 1125 and 149085?
45
What is the highest common divisor of 65044 and 69?
23
Calculate the greatest common divisor of 1360 and 516460.
340
What is the highest common divisor of 6532424 and 116?
116
What is the highest common divisor of 9592 and 307816?
872
Calculate the greatest common factor of 13801 and 306233.
373
Calculate the greatest common divisor of 7072 and 403988.
884
Calculate the greatest common divisor of 1245 and 53760.
15
Calculate the highest common divisor of 192 and 91328